{"id":263,"date":"2016-09-18T15:24:17","date_gmt":"2016-09-18T13:24:17","guid":{"rendered":"http:\/\/scat.puci.ch\/?page_id=263"},"modified":"2017-08-20T21:21:44","modified_gmt":"2017-08-20T19:21:44","slug":"24h-schwimmen","status":"publish","type":"page","link":"https:\/\/sc-aquarius.li\/?page_id=263","title":{"rendered":"24H SCHWIMMEN"},"content":{"rendered":"<p>1990 wurde anl\u00e4sslich des zehnj\u00e4hrigen Bestehens des SC-Aquarius vom damaligen Vorstand das 24 Stunden Schwimmen zum ersten mal durchgef\u00fchrt. Was Regional begann hat sich in den letzten 26 Jahren zu einem internationalen Grossanlass entwickelt, an dem Mannschaften aus Liechtenstein, \u00d6sterreich, Deutschland, Italien, den USA und der Schweiz teilnehmen.<\/p>\n<p>Rund 70 Mitglieder des SC-Aquarius sind am Veranstaltungswochenende als Helfer im Einsatz, damit jeder Schwimmer in den 12 Mannschaften den Wettkampf unter optimalen Bedingungen bestreiten kann.<\/p>\n<p>Um unsere Jugend m\u00f6glichst gut f\u00f6rdern zu k\u00f6nne wurde ein Schwimmtoto eingef\u00fchrt, bei welchem die H\u00e4lfte des Tippgeldes auf das Konto der Jugendf\u00f6rderung fliesst.<\/p>\n<p>Dank gr\u00f6sszugigen Sponsoren ist es uns m\u00f6glich jedem Teilnehmer ein Erinnerungsgeschenk, sowie einen kleinen Preis zu \u00fcberreichen.<\/p>\n<div class=\"table-responsive\"><table  style=\"width:100%; \"  class=\"easy-table easy-table-default table\" border=\"0\">\n<thead>\r\n<tr><th colspan=2 style=\"text-align:left\" >24 Stunden Schwimmen 2017<\/th>\n<\/tr>\n<\/thead>\n<tbody>\r\n<tr><td  style=\"text-align:left\" >\nDatum<\/td>\n<td  style=\"text-align:left\" >11.\/12. November 2017<\/td>\n<\/tr>\n\r\n<tr><td  style=\"text-align:left\" >\nOrt<\/td>\n<td  style=\"text-align:left\" >Hallenbad Triesen<\/td>\n<\/tr>\n\r\n<tr><td  style=\"text-align:left\" >\nStart<\/td>\n<td  style=\"text-align:left\" >11. November 2017, 12.00 Uhr<\/td>\n<\/tr>\n\r\n<tr><td  style=\"text-align:left\" >\nStartgeld<\/td>\n<td  style=\"text-align:left\" >CHF 400.\u2014 pro Mannschaft<\/td>\n<\/tr>\n<\/tbody><\/table><\/div>\n","protected":false},"excerpt":{"rendered":"<p>1990 wurde anl\u00e4sslich des zehnj\u00e4hrigen Bestehens des SC-Aquarius vom damaligen Vorstand das 24 Stunden Schwimmen zum ersten mal durchgef\u00fchrt. Was Regional begann hat sich in den letzten 26 Jahren zu einem internationalen Grossanlass entwickelt,&#46;&#46;&#46;<\/p>\n","protected":false},"author":1,"featured_media":0,"parent":0,"menu_order":4,"comment_status":"closed","ping_status":"closed","template":"","meta":{"footnotes":""},"class_list":["post-263","page","type-page","status-publish","hentry"],"_links":{"self":[{"href":"https:\/\/sc-aquarius.li\/index.php?rest_route=\/wp\/v2\/pages\/263","targetHints":{"allow":["GET"]}}],"collection":[{"href":"https:\/\/sc-aquarius.li\/index.php?rest_route=\/wp\/v2\/pages"}],"about":[{"href":"https:\/\/sc-aquarius.li\/index.php?rest_route=\/wp\/v2\/types\/page"}],"author":[{"embeddable":true,"href":"https:\/\/sc-aquarius.li\/index.php?rest_route=\/wp\/v2\/users\/1"}],"replies":[{"embeddable":true,"href":"https:\/\/sc-aquarius.li\/index.php?rest_route=%2Fwp%2Fv2%2Fcomments&post=263"}],"version-history":[{"count":2,"href":"https:\/\/sc-aquarius.li\/index.php?rest_route=\/wp\/v2\/pages\/263\/revisions"}],"predecessor-version":[{"id":604,"href":"https:\/\/sc-aquarius.li\/index.php?rest_route=\/wp\/v2\/pages\/263\/revisions\/604"}],"wp:attachment":[{"href":"https:\/\/sc-aquarius.li\/index.php?rest_route=%2Fwp%2Fv2%2Fmedia&parent=263"}],"curies":[{"name":"wp","href":"https:\/\/api.w.org\/{rel}","templated":true}]}}